{"id":29343,"date":"2023-08-01T14:53:02","date_gmt":"2023-08-01T18:53:02","guid":{"rendered":"https:\/\/cnycf.org\/rapport-annuel-2023\/un-voyage-reflexif-a-travers-les-land-reparations-et-les-reves\/"},"modified":"2025-07-14T10:33:36","modified_gmt":"2025-07-14T14:33:36","slug":"un-voyage-reflexif-a-travers-les-land-reparations-et-les-reves","status":"publish","type":"page","link":"https:\/\/cnycf.org\/fr\/a-propos-de-nous\/publications-papiers\/rapport-annuel-2023\/un-voyage-reflexif-a-travers-les-land-reparations-et-les-reves\/","title":{"rendered":"Un voyage de r\u00e9flexion \u00e0 travers la terre, les r\u00e9parations et les r\u00eaves"},"content":{"rendered":"","protected":false},"excerpt":{"rendered":"","protected":false},"author":7,"featured_media":0,"parent":29320,"menu_order":0,"comment_status":"closed","ping_status":"closed","template":"views\/template-microsite.blade.php","meta":{"_acf_changed":false,"footnotes":""},"class_list":["post-29343","page","type-page","status-publish","hentry"],"acf":[],"yoast_head":"<!-- This site is optimized with the Yoast SEO plugin v26.9 - https:\/\/yoast.com\/product\/yoast-seo-wordpress\/ -->\n<title>Un voyage de r\u00e9flexion \u00e0 travers la terre, les r\u00e9parations et les r\u00eaves - Central New York Community Foundation<\/title>\n<meta name=\"robots\" content=\"index, follow, max-snippet:-1, max-image-preview:large, max-video-preview:-1\" \/>\n<link rel=\"canonical\" href=\"https:\/\/cnycf.org\/fr\/a-propos-de-nous\/publications-papiers\/rapport-annuel-2023\/un-voyage-reflexif-a-travers-les-land-reparations-et-les-reves\/\" \/>\n<meta property=\"og:locale\" content=\"fr_FR\" \/>\n<meta property=\"og:type\" content=\"article\" \/>\n<meta property=\"og:title\" content=\"Un voyage de r\u00e9flexion \u00e0 travers la terre, les r\u00e9parations et les r\u00eaves - Central New York Community Foundation\" \/>\n<meta property=\"og:url\" content=\"https:\/\/cnycf.org\/fr\/a-propos-de-nous\/publications-papiers\/rapport-annuel-2023\/un-voyage-reflexif-a-travers-les-land-reparations-et-les-reves\/\" \/>\n<meta property=\"og:site_name\" content=\"Central New York Community Foundation\" \/>\n<meta property=\"article:modified_time\" content=\"2025-07-14T14:33:36+00:00\" \/>\n<meta property=\"og:image\" content=\"https:\/\/cnycf.org\/app\/uploads\/2023\/09\/Juhanna-Rogers_017c_fin-copy-e1694627589422-1024x609.png\" \/>\n<meta name=\"twitter:card\" content=\"summary_large_image\" \/>\n<meta name=\"twitter:image\" content=\"https:\/\/cnycf.org\/app\/uploads\/2023\/09\/Juhanna-Rogers_017c_fin-copy-e1694627589422-1024x609.png\" \/>\n<script type=\"application\/ld+json\" class=\"yoast-schema-graph\">{\"@context\":\"https:\/\/schema.org\",\"@graph\":[{\"@type\":\"WebPage\",\"@id\":\"https:\/\/cnycf.org\/fr\/a-propos-de-nous\/publications-papiers\/rapport-annuel-2023\/un-voyage-reflexif-a-travers-les-land-reparations-et-les-reves\/\",\"url\":\"https:\/\/cnycf.org\/fr\/a-propos-de-nous\/publications-papiers\/rapport-annuel-2023\/un-voyage-reflexif-a-travers-les-land-reparations-et-les-reves\/\",\"name\":\"Un voyage de r\u00e9flexion \u00e0 travers la terre, les r\u00e9parations et les r\u00eaves - Central New York Community Foundation\",\"isPartOf\":{\"@id\":\"https:\/\/cnycf.org\/fr\/#website\"},\"datePublished\":\"2023-08-01T18:53:02+00:00\",\"dateModified\":\"2025-07-14T14:33:36+00:00\",\"breadcrumb\":{\"@id\":\"https:\/\/cnycf.org\/fr\/a-propos-de-nous\/publications-papiers\/rapport-annuel-2023\/un-voyage-reflexif-a-travers-les-land-reparations-et-les-reves\/#breadcrumb\"},\"inLanguage\":\"fr-FR\",\"potentialAction\":[{\"@type\":\"ReadAction\",\"target\":[\"https:\/\/cnycf.org\/fr\/a-propos-de-nous\/publications-papiers\/rapport-annuel-2023\/un-voyage-reflexif-a-travers-les-land-reparations-et-les-reves\/\"]}]},{\"@type\":\"BreadcrumbList\",\"@id\":\"https:\/\/cnycf.org\/fr\/a-propos-de-nous\/publications-papiers\/rapport-annuel-2023\/un-voyage-reflexif-a-travers-les-land-reparations-et-les-reves\/#breadcrumb\",\"itemListElement\":[{\"@type\":\"ListItem\",\"position\":1,\"name\":\"Home\",\"item\":\"https:\/\/cnycf.org\/fr\/domicile\/\"},{\"@type\":\"ListItem\",\"position\":2,\"name\":\"A propos de nous\",\"item\":\"https:\/\/cnycf.org\/fr\/a-propos-de-nous\/\"},{\"@type\":\"ListItem\",\"position\":3,\"name\":\"Publications et documents\",\"item\":\"https:\/\/cnycf.org\/fr\/a-propos-de-nous\/publications-papiers\/\"},{\"@type\":\"ListItem\",\"position\":4,\"name\":\"Rapport annuel 2023\",\"item\":\"https:\/\/cnycf.org\/fr\/a-propos-de-nous\/publications-papiers\/rapport-annuel-2023\/\"},{\"@type\":\"ListItem\",\"position\":5,\"name\":\"Un voyage de r\u00e9flexion \u00e0 travers la terre, les r\u00e9parations et les r\u00eaves\"}]},{\"@type\":\"WebSite\",\"@id\":\"https:\/\/cnycf.org\/fr\/#website\",\"url\":\"https:\/\/cnycf.org\/fr\/\",\"name\":\"Central New York Community Foundation\",\"description\":\"Our mission is to foster a thriving Central New York community\",\"potentialAction\":[{\"@type\":\"SearchAction\",\"target\":{\"@type\":\"EntryPoint\",\"urlTemplate\":\"https:\/\/cnycf.org\/fr\/?s={search_term_string}\"},\"query-input\":{\"@type\":\"PropertyValueSpecification\",\"valueRequired\":true,\"valueName\":\"search_term_string\"}}],\"inLanguage\":\"fr-FR\"}]}<\/script>\n<!-- \/ Yoast SEO plugin. -->","yoast_head_json":{"title":"Un voyage de r\u00e9flexion \u00e0 travers la terre, les r\u00e9parations et les r\u00eaves - Central New York Community Foundation","robots":{"index":"index","follow":"follow","max-snippet":"max-snippet:-1","max-image-preview":"max-image-preview:large","max-video-preview":"max-video-preview:-1"},"canonical":"https:\/\/cnycf.org\/fr\/a-propos-de-nous\/publications-papiers\/rapport-annuel-2023\/un-voyage-reflexif-a-travers-les-land-reparations-et-les-reves\/","og_locale":"fr_FR","og_type":"article","og_title":"Un voyage de r\u00e9flexion \u00e0 travers la terre, les r\u00e9parations et les r\u00eaves - Central New York Community Foundation","og_url":"https:\/\/cnycf.org\/fr\/a-propos-de-nous\/publications-papiers\/rapport-annuel-2023\/un-voyage-reflexif-a-travers-les-land-reparations-et-les-reves\/","og_site_name":"Central New York Community Foundation","article_modified_time":"2025-07-14T14:33:36+00:00","og_image":[{"url":"https:\/\/cnycf.org\/app\/uploads\/2023\/09\/Juhanna-Rogers_017c_fin-copy-e1694627589422-1024x609.png","type":"","width":"","height":""}],"twitter_card":"summary_large_image","twitter_image":"https:\/\/cnycf.org\/app\/uploads\/2023\/09\/Juhanna-Rogers_017c_fin-copy-e1694627589422-1024x609.png","schema":{"@context":"https:\/\/schema.org","@graph":[{"@type":"WebPage","@id":"https:\/\/cnycf.org\/fr\/a-propos-de-nous\/publications-papiers\/rapport-annuel-2023\/un-voyage-reflexif-a-travers-les-land-reparations-et-les-reves\/","url":"https:\/\/cnycf.org\/fr\/a-propos-de-nous\/publications-papiers\/rapport-annuel-2023\/un-voyage-reflexif-a-travers-les-land-reparations-et-les-reves\/","name":"Un voyage de r\u00e9flexion \u00e0 travers la terre, les r\u00e9parations et les r\u00eaves - Central New York Community Foundation","isPartOf":{"@id":"https:\/\/cnycf.org\/fr\/#website"},"datePublished":"2023-08-01T18:53:02+00:00","dateModified":"2025-07-14T14:33:36+00:00","breadcrumb":{"@id":"https:\/\/cnycf.org\/fr\/a-propos-de-nous\/publications-papiers\/rapport-annuel-2023\/un-voyage-reflexif-a-travers-les-land-reparations-et-les-reves\/#breadcrumb"},"inLanguage":"fr-FR","potentialAction":[{"@type":"ReadAction","target":["https:\/\/cnycf.org\/fr\/a-propos-de-nous\/publications-papiers\/rapport-annuel-2023\/un-voyage-reflexif-a-travers-les-land-reparations-et-les-reves\/"]}]},{"@type":"BreadcrumbList","@id":"https:\/\/cnycf.org\/fr\/a-propos-de-nous\/publications-papiers\/rapport-annuel-2023\/un-voyage-reflexif-a-travers-les-land-reparations-et-les-reves\/#breadcrumb","itemListElement":[{"@type":"ListItem","position":1,"name":"Home","item":"https:\/\/cnycf.org\/fr\/domicile\/"},{"@type":"ListItem","position":2,"name":"A propos de nous","item":"https:\/\/cnycf.org\/fr\/a-propos-de-nous\/"},{"@type":"ListItem","position":3,"name":"Publications et documents","item":"https:\/\/cnycf.org\/fr\/a-propos-de-nous\/publications-papiers\/"},{"@type":"ListItem","position":4,"name":"Rapport annuel 2023","item":"https:\/\/cnycf.org\/fr\/a-propos-de-nous\/publications-papiers\/rapport-annuel-2023\/"},{"@type":"ListItem","position":5,"name":"Un voyage de r\u00e9flexion \u00e0 travers la terre, les r\u00e9parations et les r\u00eaves"}]},{"@type":"WebSite","@id":"https:\/\/cnycf.org\/fr\/#website","url":"https:\/\/cnycf.org\/fr\/","name":"Central New York Community Foundation","description":"Our mission is to foster a thriving Central New York community","potentialAction":[{"@type":"SearchAction","target":{"@type":"EntryPoint","urlTemplate":"https:\/\/cnycf.org\/fr\/?s={search_term_string}"},"query-input":{"@type":"PropertyValueSpecification","valueRequired":true,"valueName":"search_term_string"}}],"inLanguage":"fr-FR"}]}},"_links":{"self":[{"href":"https:\/\/cnycf.org\/fr\/wp-json\/wp\/v2\/pages\/29343","targetHints":{"allow":["GET"]}}],"collection":[{"href":"https:\/\/cnycf.org\/fr\/wp-json\/wp\/v2\/pages"}],"about":[{"href":"https:\/\/cnycf.org\/fr\/wp-json\/wp\/v2\/types\/page"}],"author":[{"embeddable":true,"href":"https:\/\/cnycf.org\/fr\/wp-json\/wp\/v2\/users\/7"}],"replies":[{"embeddable":true,"href":"https:\/\/cnycf.org\/fr\/wp-json\/wp\/v2\/comments?post=29343"}],"version-history":[{"count":1,"href":"https:\/\/cnycf.org\/fr\/wp-json\/wp\/v2\/pages\/29343\/revisions"}],"predecessor-version":[{"id":36406,"href":"https:\/\/cnycf.org\/fr\/wp-json\/wp\/v2\/pages\/29343\/revisions\/36406"}],"up":[{"embeddable":true,"href":"https:\/\/cnycf.org\/fr\/wp-json\/wp\/v2\/pages\/29320"}],"wp:attachment":[{"href":"https:\/\/cnycf.org\/fr\/wp-json\/wp\/v2\/media?parent=29343"}],"curies":[{"name":"wp","href":"https:\/\/api.w.org\/{rel}","templated":true}]}}

Un voyage de réflexion à travers la terre, les réparations et les rêves

<!-- This site is optimized with the Yoast SEO plugin v26.9 - https://yoast.com/product/yoast-seo-wordpress/ -->
<title>Un voyage de réflexion à travers la terre, les réparations et les rêves - Central New York Community Foundation</title>
<meta name="robots" content="index, follow, max-snippet:-1, max-image-preview:large, max-video-preview:-1" />
<link rel="canonical" href="https://cnycf.org/fr/a-propos-de-nous/publications-papiers/rapport-annuel-2023/un-voyage-reflexif-a-travers-les-land-reparations-et-les-reves/" />
<meta property="og:locale" content="fr_FR" />
<meta property="og:type" content="article" />
<meta property="og:title" content="Un voyage de réflexion à travers la terre, les réparations et les rêves - Central New York Community Foundation" />
<meta property="og:url" content="https://cnycf.org/fr/a-propos-de-nous/publications-papiers/rapport-annuel-2023/un-voyage-reflexif-a-travers-les-land-reparations-et-les-reves/" />
<meta property="og:site_name" content="Central New York Community Foundation" />
<meta property="article:modified_time" content="2025-07-14T14:33:36+00:00" />
<meta property="og:image" content="https://cnycf.org/app/uploads/2023/09/Juhanna-Rogers_017c_fin-copy-e1694627589422-1024x609.png" />
<meta name="twitter:card" content="summary_large_image" />
<meta name="twitter:image" content="https://cnycf.org/app/uploads/2023/09/Juhanna-Rogers_017c_fin-copy-e1694627589422-1024x609.png" />
<script type="application/ld+json" class="yoast-schema-graph">{"@context":"https://schema.org","@graph":[{"@type":"WebPage","@id":"https://cnycf.org/fr/a-propos-de-nous/publications-papiers/rapport-annuel-2023/un-voyage-reflexif-a-travers-les-land-reparations-et-les-reves/","url":"https://cnycf.org/fr/a-propos-de-nous/publications-papiers/rapport-annuel-2023/un-voyage-reflexif-a-travers-les-land-reparations-et-les-reves/","name":"Un voyage de réflexion à travers la terre, les réparations et les rêves - Central New York Community Foundation","isPartOf":{"@id":"https://cnycf.org/fr/#website"},"datePublished":"2023-08-01T18:53:02+00:00","dateModified":"2025-07-14T14:33:36+00:00","breadcrumb":{"@id":"https://cnycf.org/fr/a-propos-de-nous/publications-papiers/rapport-annuel-2023/un-voyage-reflexif-a-travers-les-land-reparations-et-les-reves/#breadcrumb"},"inLanguage":"fr-FR","potentialAction":[{"@type":"ReadAction","target":["https://cnycf.org/fr/a-propos-de-nous/publications-papiers/rapport-annuel-2023/un-voyage-reflexif-a-travers-les-land-reparations-et-les-reves/"]}]},{"@type":"BreadcrumbList","@id":"https://cnycf.org/fr/a-propos-de-nous/publications-papiers/rapport-annuel-2023/un-voyage-reflexif-a-travers-les-land-reparations-et-les-reves/#breadcrumb","itemListElement":[{"@type":"ListItem","position":1,"name":"Home","item":"https://cnycf.org/fr/domicile/"},{"@type":"ListItem","position":2,"name":"A propos de nous","item":"https://cnycf.org/fr/a-propos-de-nous/"},{"@type":"ListItem","position":3,"name":"Publications et documents","item":"https://cnycf.org/fr/a-propos-de-nous/publications-papiers/"},{"@type":"ListItem","position":4,"name":"Rapport annuel 2023","item":"https://cnycf.org/fr/a-propos-de-nous/publications-papiers/rapport-annuel-2023/"},{"@type":"ListItem","position":5,"name":"Un voyage de réflexion à travers la terre, les réparations et les rêves"}]},{"@type":"WebSite","@id":"https://cnycf.org/fr/#website","url":"https://cnycf.org/fr/","name":"Central New York Community Foundation","description":"Our mission is to foster a thriving Central New York community","potentialAction":[{"@type":"SearchAction","target":{"@type":"EntryPoint","urlTemplate":"https://cnycf.org/fr/?s={search_term_string}"},"query-input":{"@type":"PropertyValueSpecification","valueRequired":true,"valueName":"search_term_string"}}],"inLanguage":"fr-FR"}]}</script>
<!-- / Yoast SEO plugin. -->

Un voyage de réflexion à travers la terre, les réparations et les rêves - Central New York Community Foundation
